 the greatest common factor of 180 and 145620.
180
What is the highest common factor of 7524896 and 226?
226
Calculate the highest common factor of 302202 and 163.
163
Calculate the highest common factor of 17081 and 155.
31
What is the highest common factor of 2294 and 1036?
74
Calculate the greatest common divisor of 285290 and 2162.
94
Calculate the greatest common divisor of 7370 and 25135.
55
What is the greatest common factor of 486 and 1008?
18
What is the highest common divisor of 1809617 and 41?
41
Calculate the greatest common divisor of 40383 and 441.
63
Calculate the highest common divisor of 468639 and 54.
27
Calculate the highest common factor of 465 and 3565.
155
What is the highest common factor of 130835 and 955?
955
What is the highest common divisor of 612 and 1341?
9
What is the greatest common factor of 845 and 177619?
169
What is the greatest common divisor of 359 and 13283?
359
Calculate the highest common divisor of 61346 and 2368.
74
What is the highest common factor of 5 and 62735?
5
Calculate the highest common factor of 885 and 2168781.
177
What is the greatest common factor of 14 and 134099?
7
Calculate the greatest common divisor of 278 and 1506482.
278
Calculate the greatest common factor of 256 and 228752.
16
Calculate the greatest common factor of 15213 and 875439.
1383
Calculate the greatest common divisor of 390 and 314418.
78
Calculate the highest common factor of 1649 and 2231.
97
What is the greatest common divisor of 672 and 38724?
84
Calculate the highest common divisor of 1691 and 1159.
19
What is the greatest common divisor of 71391 and 5724?
159
Calculate the greatest common factor of 3748 and 92.
4
What is the highest common factor of 91 and 94003?
91
What is the highest common divisor of 35 and 137291?
7
Calculate the greatest common divisor of 2144264 and 8.
8
What is the greatest common divisor of 13881 and 33054?
21
What is the greatest common factor of 11116 and 28?
28
What is the greatest common divisor of 126 and 14278698?
126
Calculate the greatest common divisor of 250285 and 140.
35
What is the highest common divisor of 76 and 7714?
38
Calculate the greatest common factor of 48 and 85992.
24
What is the greatest common divisor of 192 and 1542?
6
What is the greatest common factor of 2017616 and 752?
752
Calculate the highest common factor of 4 and 271226.
2
What is the greatest common factor of 46905 and 72345?
795
Calculate the highest common divisor of 520 and 16913.
13
What is the highest common factor of 77 and 4697?
77
What is the greatest common divisor of 21 and 24438351?
21
Calculate the greatest common divisor of 7 and 121919.
7
Calculate the greatest common factor of 3500 and 8680.
140
Calculate the highest common factor of 562604 and 1491.
497
Calculate the greatest common divisor of 273 and 2492.
7
Calculate the greatest common factor of 1270 and 413512.
254
What is the greatest common factor of 84 and 40257?
21
Calculate the highest common factor of 1390 and 3910.
10
Calculate the highest common factor of 277074 and 378.
378
What is the highest common factor of 724265 and 5?
5
What is the greatest common factor of 520 and 724048?
104
Calculate the highest common factor of 455 and 42887.
13
Calculate the greatest common divisor of 2844 and 10416.
12
What is the greatest common divisor of 1712 and 81824?
16
Calculate the highest common factor of 27686 and 436.
218
Calculate the highest common factor of 275544 and 2225.
89
Calculate the highest common factor of 10383160 and 696.
232
What is the greatest common factor of 22955 and 30?
5
Calculate the highest common factor of 23 and 305003.
23
Calculate the greatest common divisor of 980786 and 2.
2
What is the greatest common factor of 449205 and 105?
15
What is the highest common divisor of 48 and 430788?
12
What is the highest common divisor of 763068 and 12?
12
What is the greatest common divisor of 2059989 and 582?
291
What is the greatest common factor of 177 and 5033172?
177
Calculate the highest common divisor of 134344 and 56.
56
Calculate the highest common divisor of 16 and 28456.
8
Calculate the greatest common factor of 418741 and 152.
19
What is the greatest common factor of 113940 and 27?
27
Calculate the greatest common divisor of 63720 and 177.
177
What is the highest common divisor of 4599 and 30879?
657
What is the greatest common divisor of 128 and 665536?
64
What is the highest common factor of 133759 and 181?
181
Calculate the greatest common factor of 9300 and 2850.
150
What is the highest common factor of 651 and 5487?
93
Calculate the greatest common factor of 26 and 51597.
13
What is the highest common factor of 189 and 15309?
189
Calculate the highest common factor of 3584 and 49.
7
Calculate the greatest common factor of 12285 and 7245.
315
What is the highest common factor of 68549 and 1313?
13
Calculate the greatest common factor of 106817 and 669.
223
What is the greatest common divisor of 152832 and 5970?
1194
What is the greatest common divisor of 75 and 4605?
15
What is the greatest common factor of 100765 and 35?
35
Calculate the greatest common divisor of 547922 and 1.
1
What is the highest common factor of 588367 and 13?
13
What is the greatest common factor of 1487156 and 8030?
1606
What is the highest common factor of 1053 and 158548?
13
What is the highest common divisor of 58284 and 72?
36
What is the highest common factor of 305993 and 157?
157
Calculate the greatest common factor of 9280 and 19520.
320
Calculate the highest common factor of 270 and 78310.
10
What is the greatest common divisor of 665 and 2555?
35
What is the greatest common factor of 29735 and 125?
5
Calculate the highest common factor of 336 and 2828.
28
Calculate the highest common factor of 118205 and 235.
235
Calculate the highest common factor of 6 and 34774.
2
Calculate the highest common factor of 395 and 54895.
5
What is the greatest common divisor of 808 and 1324918?
202
What is the highest common divisor of 480 and 11680?
160
Calculate the highest common divisor of 3105 and 11745.
135
Calculate the highest common factor of 5779368 and 112.
56
Calculate the greatest common factor of 395 and 6055.
5
Calculate the greatest common factor of 1311134 and 61.
61
Calculate the greatest common factor of 56 and 189800.
8
Calculate the highest common factor of 4856 and 13961.
607
What is the greatest common divisor of 26964 and 321?
321
What is the greatest common factor of 528 and 9584?
16
What is the highest common factor of 66 and 1804?
22
Calculate the highest common factor of 7335 and 898782.
489
What is the greatest common divisor of 39220 and 51430?
370
What is the greatest common factor of 11183 and 2743?
211
Calculate the greatest common factor of 13813554 and 51.
51
Calculate the greatest common factor of 19 and 8347.
1
What is the highest common factor of 112 and 324296?
56
Calculate the highest common divisor of 37856 and 50362.
338
What is the greatest common factor of 408 and 186184?
136
What is the greatest common divisor of 930 and 1984?
62
Calculate the highest common divisor of 96 and 1087248.
48
Calculate the highest common factor of 972 and 372.
12
What is the greatest common factor of 1139 and 6097?
67
Calculate the highest common factor of 15453 and 1581.
51
Calculate the greatest common divisor of 4424 and 8936.
8
What is the highest common divisor of 108 and 4170978?
18
What is the greatest common factor of 6507 and 3753?
27
Calculate the highest common divisor of 40968 and 600.
24
Calculate the highest common factor of 9802 and 1378.
26
What is the greatest common divisor of 1458 and 3042?
18
Calculate the greatest common factor of 585 and 9368190.
585
Calculate the highest common divisor of 148 and 39775.
37
What is the highest common divisor of 1534 and 156?
26
What is the highest common factor of 42 and 30618?
42
Calculate the highest common factor of 2096696 and 64.
8
What is the greatest common divisor of 18550 and 16975?
175
Calculate the greatest common factor of 180 and 676800.
180
Calculate the greatest common divisor of 380 and 12480.
20
What is the highest common factor of 20739 and 263586?
669
Calculate the highest common divisor of 472 and 1996.
4
What is the highest common divisor 